-10).
18
Let c(v) = -677*v - 6778. Determine c(-10).
-8
Let d(l) = 459*l + 10974. Determine d(-24).
-42
Let s(f) = -f**2 - 7*f + 148. Determine s(-21).
-146
Let q(a) = -a**3 - 281*a**2 - 558*a. What is q(-2)?
0
Let q(p) = 2*p**2 - 38*p + 104. Determine q(18).
68
Let i(h) = 10*h**3 + 29*h**2 - 6*h + 10. Calculate i(-4).
-142
Let t(o) = o + 24. Give t(-41).
-17
Let a(m) = -m**3 + 31*m**2 + 66*m + 14. Calculate a(33).
14
Let i(u) = 5*u**2 - 259*u + 3329. Determine i(28).
-3
Let s(z) = -z**2 + 40*z + 63604. Calculate s(-233).
-5
Let x(s) = s**2 + 523*s - 14273. Determine x(26).
1
Let q(m) = -3014*m - 9058. What is q(-3)?
-16
Let z(w) = 55*w + 618. Determine z(-12).
-42
Let n(a) = -a**3 + 10*a**2 - 25*a + 3. Determine n(6).
-3
Let b(y) = -60*y**2 + 956*y - 30. Calculate b(16).
-94
Let d(n) = -n**3 + 6*n**2 + 25*n - 15. Determine d(9).
-33
Let v(u) = -47*u + 141. Give v(3).
0
Let m(l) = l**2 - 61*l + 883. Give m(36).
-17
Let w(u) = 119*u - 1893. What is w(15)?
-108
Let g(m) = 2527*m - 7540. Determine g(3).
41
Let b(y) = -1118*y - 206828. What is b(-185)?
2
Let u(w) = w**2 - 484*w - 1455. Calculate u(-3).
6
Let p(o) = 8*o**2 + 802*o + 126. Calculate p(-100).
-74
Let h(w) = -w**2 - 3242*w - 9717. Calculate h(-3).
0
Let m(c) = 5*c**3 - 34*c**2 + 24*c - 144. Calculate m(7).
73
Let s(h) = -14*h + 217. Calculate s(-10).
357
Let s(z) = 2*z**3 - 92*z**2 - 296*z + 100. Give s(49).
2
Let k(b) = -6893*b - 13784. Give k(-2).
2
Let z(t) = -t**2 + 9*t + 41. Calculate z(-7).
-71
Let v(w) = 135*w - 338. Give v(2).
-68
Let c(p) = -20*p**2 - 23*p + 7. What is c(1)?
-36
Let g(s) = -s**3 - 124*s**2 + 120*s - 619. Determine g(-125).
6
Let m(r) = 151*r - 2743. What is m(16)?
-327
Let w(g) = 5*g**2 + 117*g + 111. Give w(-19).
-307
Let s(j) = -165*j - 3134. Calculate s(-19).
1
Let u(c) = -4*c + 31. What is u(22)?
-57
Let z(m) = 930*m - 10226. Give z(11).
4
Let n(i) = 1526*i**2 - 10678*i - 16. Determine n(7).
12
Let o(i) = -38*i + 250. Determine o(6).
22
Let u(y) = -y**2 + y + 206. Calculate u(-13).
24
Let z(n) = -4*n**2 + 2*n - 7. What is z(6)?
-139
Let a(f) = -34*f**2 + 71*f - 70. Determine a(1).
-33
Let q(o) = o**3 + 41*o**2 + 41*o + 46. Calculate q(-40).
6
Let z(a) = -3*a**2 - 673*a + 1136. Calculate z(-226).
6
Let r(f) = 308*f - 17859. Calculate r(58).
5
Let a(j) = j**3 - 23*j**2 + 61*j - 50. Calculate a(20).
-30
Let s(b) = -42*b + 1006. Give s(27).
-128
Let b(j) = 755*j - 761. Determine b(1).
-6
Let k(q) = 547*q + 2928. Give k(-6).
-354
Let s(q) = -q**3 - 20*q**2 + 119*q + 24. Calculate s(5).
-6
Let k(o) = -231*o - 10164. Determine k(-44).
0
Let x(n) = n**2 - 30*n + 125. Determine x(16).
-99
Let w(c) = -27*c**2 + 41*c + 144. What is w(-4)?
-452
Let d(s) = -s**3 - 27*s**2 - 178*s + 24. Give d(-12).
0
Let o(z) = z**3 + 10*z**2 + 2*z - 35. What is o(-7)?
98
Let v(j) = j**3 - 7*j**2 - 28*j - 14. Calculate v(10).
6
Let s(c) = -287*c - 9745. Give s(-34).
13
Let a(i) = -54*i**2 - 19*i - 1. Give a(-1).
-36
Let v(x) = 2941*x + 14719. Determine v(-5).
14
Let l(k) = 6*k**2 - 9466*k + 47186. Determine l(5).
6
Let o(u) = -u**2 + 51*u - 339. Determine o(0).
-339
Let n(k) = -582*k + 6416. Determine n(11).
14
Let m(h) = -h**3 - 30*h**2 + 506*h + 88. Calculate m(-42).
4
Let j(u) = -3*u**2 - 106*u + 1296. Give j(13).
-589
Let f(c) = -5*c**2 - 1521*c - 6107. Determine f(-4).
-103
Let v(o) = 366*o**2 + 3670*o + 25. Give v(-10).
-75
Let y(z) = z**3 - 86*z + 27. Determine y(9).
-18
Let p(i) = i**2 + 103*i - 649. Give p(-109).
5
Let t(o) = -904*o + 5420. Calculate t(6).
-4
Let k(w) = -3*w**2 - 172*w - 40. What is k(-57)?
17
Let p(x) = 44*x - 1430. Give p(32).
-22
Let m(p) = 2*p**3 + 44*p**2 + 44*p + 36. Determine m(-21).
-6
Let x(w) = -w**3 - 621*w**2 - 1238*w - 4. What is x(-2)?
-4
Let q(l) = -l**2 - 15*l - 7. Calculate q(11).
-293
Let g(v) = v**3 + 12*v**2 - 254*v - 33. Give g(-23).
-10
Let y(f) = -182*f + 4537. Determine y(25).
-13
Let q(l) = 2*l**3 - 24*l**2 + 6*l - 151. Give q(12).
-79
Let u(y) = -4*y**2 - 81*y + 619. Determine u(6).
-11
Let g(j) = 167*j - 1173. Give g(7).
-4
Let o(b) = 80*b + 211. Calculate o(-2).
51
Let g(q) = -4*q**3 - 2*q**2 + 20*q - 16. What is g(-3)?
14
Let t(v) = 181*v + 180. Give t(0).
180
Let s(i) = -25*i**2 + 4*i - 12. What is s(2)?
-104
Let f(t) = 22*t + 335. Give f(-16).
-17
Let l(b) = 1153*b + 5821. Give l(-5).
56
Let z(b) = -b**3 - 141*b**2 + 1997*b - 771. Give z(-154).
-1
Let j(a) = a**3 + 40*a**2 + 273*a - 38. What is j(-31)?
148
Let i(t) = 2*t - 317. Determine i(28).
-261
Let r(i) = 4*i**2 + 21*i - 2. Calculate r(-4).
-22
Let i(z) = 16*z**2 + 13*z + 38. What is i(-5)?
373
Let f(x) = -3*x**2 - 30*x + 251. What is f(6)?
-37
Let h(q) = -3*q**3 - 123*q**2 + 1175*q + 11. Calculate h(8).
3
Let t(j) = -38*j + 463. Determine t(13).
-31
Let n(y) = 10795*y + 32395. Determine n(-3).
10
Let q(a) = 8*a**2 + 176*a + 131. Give q(-21).
-37
Let s(p) = -6*p**2 - 5*p + 12. Determine s(-5).
-113
Let g(a) = 2*a**3 - 110*a**2 + 107*a + 52. Give g(54).
-2
Let i(z) = -z**3 + 6*z**2 - 13*z + 16. Give i(2).
6
Let f(v) = 82*v - 927. Give f(15).
303
Let r(j) = 2*j**2 + 34*j + 15. Determine r(-5).
-105
Let q(l) = -l**3 - 10*l**2 + 39*l + 12. What is q(-13)?
12
Let f(c) = -c**3 + 34*c**2 - 206*c - 24. Determine f(26).
28
Let a(l) = -2*l**2 + 125*l + 275. Determine a(65).
-50
Let y(r) = 2*r**2 + 28*r - 20. Determine y(-15).
10
Let u(b) = -19*b**2 - 8*b - 8. What is u(-1)?
-19
Let u(k) = -3*k**2 - 36*k - 190. Determine u(-7).
-85
Let b(v) = 14*v**2 - 242*v + 26. What is b(18)?
206
Let a(i) = i**3 + 7*i**2 + 3005*i + 24062. Give a(-8).
-42
Let h(l) = -91*l - 1000. Determine h(-11).
1
Let c(p) = p**3 - 20*p**2 + 1694*p - 36011. Calculate c(21).
4
Let h(w) = -w**3 - 9*w**2 - 38*w - 11. Calculate h(-5).
79
Let m(q) = -2*q**2 + 237*q + 1525. What is m(-6)?
31
Let n(q) = 2*q**3 + 20*q**2 + 16*q - 79. Give n(-8).
49
Let a(g) = -g**2 + 8*g + 41. What is a(12)?
-7
Let i(u) = -12*u**3 + u**2 - 8*u + 3. Give i(2).
-105
Let g(t) = 5557*t - 11118. Determine g(2).
-4
Let k(w) = w**2 + 59*w + 298. Determine k(-52).
-66
Let a(j) = -105*j + 640. Give a(7).
-95
Let w(l) = 274*l - 1897. Give w(7).
21
Let v(i) = -3*i**3 - 100*i**2 - 46*i + 128. Give v(-33).
557
Let r(b) = -5*b**2 - 8*b - 4. Determine r(-3).
-25
Let d(w) = 3*w**3 + 47*w**2 + 7*w - 6. Calculate d(-15).
339
Let j(i) = -i**3 - 3*i**2 + 4*i + 16. Give j(-6).
100
Let o(g) = 2*g**2 - 9*g - 20. What is o(6)?
-2
Let s(m) = 3*m**2 + 10*m - 71. Calculate s(5).
54
Let l(z) = 2*z**3 + 10*z**2 + 11*z - 18. Calculate l(-8).
-490
Let y(m) = -2*m**2 - 918*m + 917. Calculate y(1).
-3
Let b(w) = 44*w**2 + 531*w + 3. Determine b(-12).
-33
Let k(p) = p**3 + 44*p**2 + 128*p + 239. Determine k(-41).
34
Let n(h) = -h**3 + 21*h + 10. What is n(5)?
-10
Let a(w) = w**2 - 145*w + 3131. What is a(118)?
-55
Let q(d) = 616*d - 7357. Determine q(12).
35
Let p(o) = -3*o**2 - 116*o - 70. Determine p(-37).
115
Let v(j) = 2*j**3 + j**2 - 5*j - 128. What is v(0)?
-128
Let u(a) = 14*a**2 + 77*a - 151. Determine u(-7).
-4
Let v(c) = 21*c**2 - 19*c + 23. Calculate v(5).
453
Let k(a) = 317*a + 948. Calculate k(-3).
-3
Let v(c) = -2*c**3 - 5*c**2 + c + 5. Calculate v(-4).
49
Let q(r) = -4*r**3 + 348*r**2 + 3*r - 267. What is q(87)?
-6
Let r(f) = 2*f**3 + 2*f**2 + 2*f - 63. Determine r(4).
105
Let t(l) = -l**2 - 59*l - 816. Calculate t(-24).
24
Let w(z) = z**3 + 6*z**2 + 17*z + 67. What is w(-5)?
7
Let t(g) = -2*g**3 + 129*g**2 + 195*g + 135. What is t(66)?
-63
Let r(v) = -4*v**3 + 21*v**2 + 17*v + 22. Determine r(8).
-546
Let u(p) = 14*p**2 + 76*p + 17. Determine u(-4).
-63
Let n(x) = -2*x + 70. What is n(-56)?
182
Let y(f) = f**2 - 234*f - 7346. Calculate y(262).
-10
Let a(g) = 2*g**3 + 4*g**2 - 52*g - 199. Calculate a(-5).
-89
Let v(t) = 11271*t - 169062. Give v(15).
3
Let z(f) = -4*f**2 + 192*f + 28. Give z(48).
28
Let h(p) = 81*p**3 - 4*p**2 + p + 3. Calculate h(-1).
-83
Let m(u) = -3*u**2 + 24*u - 24. Give m(15).
-339
Let h(l) = -3*l**2 - 36*l + 55. Give h(-13).
16
Let v(o) = -5*o**2 - 41*o + 14. Calculate v(-8).
22
Let o(w) = 479*w + 2382. What is o(-5)?
-13
Let i(o) = o**3 - 53*o**2 + 152*o - 105. What is i(50)?
-5
Let x(t) = -42*t + 192. Give x(0).
192
Let h(l) = 3*l**2 + 18*l - 55. Give h(4).
65
Let u(d) = 43*d + 260. Give u(-12).
-256
Let l(r) = r**3 - 7*r**2 - 2